11*r**2. Give d(-6).
0
Let m be ((-8)/(-10))/(((-10)/(-25))/2). Let a(f) = 2*f - 5*f**2 + m*f**2 + 10 - 5*f - 4. Let k be (-42)/9 + 1/(-3). What is a(k)?
-4
Let x(z) = 2*z**2 + 12*z + 8. Let w be x(-6). Let o(l) = 1 + 2*l - w + 2 - 1. Give o(5).
4
Let h(v) = 5*v + 8. Let t(s) = 0 + 2 - 9*s - 8 - 10. Let m(x) = 7*h(x) + 4*t(x). Calculate m(-7).
-1
Let p(m) be the first derivative of m**3/3 + 5*m**2/2 + m + 7. Let k(o) = -2*o + 12. Suppose 5*x = f + 40, 3*x + f = -0*x + 32. Let g be k(x). Calculate p(g).
7
Let q(v) be the second derivative of -v**4/12 - v**3/2 - 2*v**2 + 34*v. Let m(n) = -2*n + 1. Let f be m(3). Give q(f).
-14
Let n = -2 - -10. Let b(m) = -m - 10. Let r(a) = -4*a - 32. Let w(o) = 14*b(o) - 4*r(o). Determine w(n).
4
Let v be 9/6*(-2)/(-3). Let j(b) = 10*b - 2*b + 3 - 9*b**2 + v + b**3 - 2. Determine j(8).
2
Let t = -17 - -17. Let v(x) = -6 - x + 0*x - 2*x + 2*x. What is v(t)?
-6
Let k(g) be the third derivative of g**4/12 + 29*g**3/3 - 74*g**2. What is k(-30)?
-2
Let f(z) = -z**3 - 15*z**2 + 2*z + 16. Let b(h) = h**3 + 27*h**2 - 3*h - 96. Let x be b(-27). Determine f(x).
-14
Let t(y) be the second derivative of -y**5/20 - 2*y**4/3 - 7*y**3/6 + y**2 - 5*y - 1. Determine t(-7).
2
Let t(d) = -d**2 + 15*d + 19. Let l = 1804 + -1787. What is t(l)?
-15
Let l(a) = 2*a**2 - 8*a - 3. Let o be l(5). Let p(u) = 4*u**2 - 7*u**2 - 8*u + 4*u**2 + 10. Give p(o).
3
Let o(x) = 36 + 7*x - 9*x - 9*x - 37. Calculate o(-1).
10
Let p(k) = -k. Suppose 3*x = 9 - 0. Let t be 1 + -5 + 3 + (-6)/x. What is p(t)?
3
Let a(s) = 5*s**3 - 7*s**2 + 9*s + 33. Let r(y) = -3*y**3 + 5*y**2 - 6*y - 22. Let o(l) = -5*a(l) - 8*r(l). Calculate o(-5).
-4
Let g(x) be the first derivative of x**4/24 + 5*x**3/6 - 2*x**2 + 3. Let h(u) be the second derivative of g(u). Determine h(-5).
0
Let y(u) = -3*u - 6 - 2*u**2 + 4 + 6*u. Let b(i) = 5*i**2 - 96*i + 189. Let v be b(17). Give y(v).
-4
Let u(c) = 3*c + 6. Let n(a) = 16*a + 33. Let h(s) = 2*n(s) - 11*u(s). Give h(-2).
2
Let s(b) = 3*b - 2. Suppose 205*m = 199*m + 6. Let l(h) = h. Let k(v) = -v**2 - 3*v + 1. Let j(n) = k(n) + 3*l(n). Let d(y) = m*s(y) + j(y). Determine d(3).
-1
Suppose -5*a + 3*t + 1 = 6*t, -4*t = 12. Let i(x) = 63*x**3 - 5*x**2 + 0*x**a + 2 - 62*x**3 + 3*x. What is i(4)?
-2
Let x(k) = k**2 + 2*k + 1. Let q = -270 - -269. Determine x(q).
0
Let i(s) = -3*s - 2. Let r(h) = -2*h + 3. Let l(x) = i(x) + r(x). Calculate l(1).
-4
Let k(g) = g**3 + 10*g**2 - 10*g + 13. Let t be k(-11). Let o(j) = j**2 - 106*j + 99*j + 2 - t*j**2 + 4. Give o(-7).
6
Suppose -35*r + 40*r - 30 = 0. Let q(g) = -g**3 + 7*g**2 - 3*g - 8. What is q(r)?
10
Let a(k) = -k**3 - 56 + 35 + 9*k - 5*k**2 + 28. Calculate a(-6).
-11
Let n(h) = 7*h + 1. Let d = -276 + 275. Give n(d).
-6
Let s(n) be the first derivative of n**4/4 + n**3/3 + n**2 + 517. Determine s(-2).
-8
Let g(t) = -t - 5. Suppose 0*d = 5*d - 4*o - 68, d - 20 = 4*o. Let c(u) = -u**2 + 14*u - 29. Let s be c(d). What is g(s)?
0
Let t(v) = -v + 2. Let n(f) = f - 2. Let d(h) = -5*n(h) - 4*t(h). Let m = 3 - -1. Let w = -4 + m. Determine d(w).
2
Let w(y) be the second derivative of -1/2*y**2 + 1/6*y**3 + 0 + 25*y. Determine w(1).
0
Suppose -3 = -4*j + 1. Let y(c) = -c**3 - 2*c**2 + 6*c + 7*c**3 - 6 + c - c**2. Let a(v) = 7*v**3 - 3*v**2 + 8*v - 7. Let p(r) = 5*a(r) - 6*y(r). What is p(j)?
1
Let r(x) = -2*x**3 + x**2 - x - 1. Let l = -269 - -268. Determine r(l).
3
Let o(n) = -5*n**2 - 5 - 2*n + 4*n - n**3 + 3*n**2 + 6*n**2 + n. Give o(4).
7
Let b(q) = -q - 11. Let h be b(8). Let s = -13 - h. Let f(l) = -s*l - 5 - l**2 - 10*l + 23*l. Give f(4).
7
Suppose -3*f + 5*f = 10. Suppose -3*c - f*c + 24 = 0. Let h(y) = -2*y**3 + 5*y**2 - y - 3. What is h(c)?
-15
Let x = 78 + -74. Let f(w) = -w**2 - 11 - 1 + 2*w + x + 3*w. What is f(6)?
-14
Let j = 5 + -5. Suppose 0 = 2*d + 3*l - j*l + 7, 4*d + 3*l + 5 = 0. Let p(z) = -8*z**2 + 5. Let g(h) = 8*h**2 - 6. Let m(f) = -6*g(f) - 7*p(f). Calculate m(d).
9
Let h(q) = q**3 + 10*q**2 + 13*q + 11. Let r be h(-8). Let u(o) = -7 - 5*o + 36*o**2 - r*o**2 + 2*o. Calculate u(5).
3
Let j(a) = 4*a**2 - 4. Let k(d) be the second derivative of d**4/4 - d**3/6 - 2*d**2 - d. Let u(w) = -2*j(w) + 3*k(w). Let y = 6048 + -6044. Give u(y).
0
Let q = 6 + -1. Let l(s) = 27 - 10 + 4*s**2 - s**3 + 5*s - 14. Determine l(q).
3
Let l(r) = -r**3 - 3*r**2 + 4*r + 4. Suppose 16*t = 52*t + 108. Calculate l(t).
-8
Let w(z) be the first derivative of 30 - z**4 - z**3 - 1/2*z**2 + 0*z. Calculate w(-2).
22
Let m(h) = h**2 + 12*h - 12. Let d = -419 - -407. Give m(d).
-12
Suppose 2*f - 280 = -3*f. Let u = f - 17. Let a = 37 - u. Let y(b) = -b**3 + 2*b**2 + b. What is y(a)?
14
Let g be -1 - -2 - (5 - 4/(-2)). Let s(p) = -p**3 - 9*p + 10. Let n(x) = -3*x**3 - x**2 - 26*x + 29. Let f(j) = g*n(j) + 17*s(j). Give f(-5).
6
Let g(f) be the third derivative of -f**4/12 + 23*f**3/6 + 235*f**2. Calculate g(11).
1
Let l(n) = -3*n**2 + 5 - 22 + 12 + 5 - n + 1. Determine l(2).
-13
Let j(k) = -5*k - 2771*k**2 + 3*k - 1 + 2772*k**2. What is j(3)?
2
Let a(v) = -v**2 - 11*v + 2. Let c(l) = -6*l + 0*l + 6 - 26*l - 3*l**2. Let r(k) = -17*a(k) + 6*c(k). Give r(-7).
-12
Let m = 49 - 52. Let o be 5 - m - (-3 + 4). Let q(p) = -p**2 + 7*p - 2. What is q(o)?
-2
Let m(g) = -9*g - 6. Let u = -1085 - -1081. Give m(u).
30
Let d be (8 - (-150)/(-18)) + 80/15. Let m(j) = 2*j**2 - 11*j + 12. Calculate m(d).
7
Let u(r) = 1 - 402*r**2 + 206*r**2 + 2*r + 215*r**2. Give u(-1).
18
Let t(h) = 15*h - 11. Let f(o) = 35*o - 22. Let l(c) = -4*f(c) + 9*t(c). Calculate l(5).
-36
Let p(k) = -4*k + 4 + 2*k + 4*k**3 + 4*k**3 - 3. Let b = -5 - -9. Suppose -b*q - 1 = -5. What is p(q)?
7
Let w(y) = -y + 11 - 4 + 0. Give w(3).
4
Suppose -8*t + 3*t + 20 = 0. Suppose t*v + 5*h = 28, 5*v = -4*h + 2 + 24. Let g(k) = 2*k**2 + v - 8*k**2 + 0*k - k - k**3. What is g(-6)?
8
Let d(s) = s**3 + 6*s**2 + 4*s + 3. Let f be (6 + -15)*(-1 - 0). Suppose k + 8 = 2*k + 4*j, f = k + 3*j. Let v be (-2)/12 + (-58)/k. What is d(v)?
8
Let c be (-12)/(-14)*224/64. Let m(s) = s**3 - 4*s**2 + 5*s. Calculate m(c).
6
Let y(r) = -4 + 1 + 405*r - 406*r. Calculate y(-3).
0
Let y(s) = s + 4. Suppose -4*f + 0 = -40. Let v be (2 + (-28)/f)*-30. Suppose 0 = -4*h, -h = 4*p - 3*h + v. Calculate y(p).
-2
Suppose 0 = c - 3*s - 3, -3*s = 5*c + 3. Suppose -3*l + 4*l - 5 = c. Let r(j) = -30 + 9*j + 28 - 7*j - j. Determine r(l).
3
Let j(o) = o**2 + o + 4. Let z be j(0). Suppose -5*a = -6 - z. Suppose -a*u - 4*x = 20, x = -u + 4*x. Let d(g) = g**3 + 6*g**2 + g - 7. Determine d(u).
-13
Let j = -75 - -77. Let w(i) be the second derivative of i**3/6 - 3*i**2/2 - 11*i. Determine w(j).
-1
Let l(y) = -123 - 3*y + 112 + y + 0*y + y. Calculate l(-8).
-3
Let y(x) = -x**3 - x**2 + 3*x + 5. Suppose 0*c + 15 = -3*c. Let h(r) = -r**3 + 2*r + 6. Suppose 16*a - 16 = 48. Let s(p) = a*h(p) + c*y(p). Give s(-6).
5
Let z(q) = 3*q - 18. Let l be z(18). Let d = 30 - l. Let p(j) = 7*j - j**2 + 4*j**2 - 2*j**2 + 3. Give p(d).
-3
Let j(t) = t**2 + 12*t + 7. Let f be j(-9). Let k = 27 + f. Let c(q) = 3*q - 5. What is c(k)?
16
Suppose 0 = -z + 4 - 1. Let v(l) = -5*l + 4. Let r(h) be the second derivative of h**3 - 5*h**2/2 - 7*h. Let f(s) = 2*r(s) + 3*v(s). What is f(z)?
-7
Let j(a) be the third derivative of -a**6/60 + a**5/20 + a**4/12 + 2*a**3/3 - 59*a**2. What is j(3)?
-17
Let r = 46 - 46. Let q(c) = -1. Let f(t) be the second derivative of t**4/12 + t**3/6 - 3*t**2 - 3*t. Let m(l) = -f(l) - 2*q(l). Give m(r).
8
Let m(w) = -w**2 - 3 + 5*w + 4*w**2 - w - w**3. Suppose 5*g - 5*o = 75, 3*g - 2*g = -3*o + 31. Let x = 21 - g. Determine m(x).
9
Let j = 36 - 34. Let h(o) = -4*o - o**3 + 17*o**j - 9*o**2 + 0 - 1 - 4*o. What is h(7)?
-8
Let m be 3 - 7 - 0 - 2. Let h(y) = -5*y**2 - 5 - 7*y**2 + 11*y**2 - 5*y - 2*y. Give h(m).
1
Let w = 14 - 9. Suppose -6*b = -w*b - 1. Let f be b*(4 - 0)/(-4). Let v(y) = -5*y - 1. What is v(f)?
4
Let o(m) = m**3 + 3*m**2 + 3*m. Suppose -p - 110 = -6*p. Suppose -4*z = 2*r + 5 - 3, -p = 5*z - 4*r. What is o(z)?
-2
Suppose 0*d + 4 = -5*d - z, 3*d = 2*z - 5. Let q(n) = -2*n - 2*n**2 + 2*n. Give q(d).
-2
Let i(n) = 3*n + 10. Let w(c) = c + 3. Let x(g) = 2*i(g) - 5*w(g). Give x(-6).
-1
Let y(s) = s**2 - 2 - 2*s**2 - 9 + 3*s + 9. Calculate y(3).
-2
Let t be -3*(-1 - 0/(-2)). Let w(l) = -7*